77*x - 1131. What is j(-34)?
-9
Let g(h) = -32*h - 546. Calculate g(-7).
-322
Let y(z) = 2*z**3 - 32*z**2 - 25*z - 147. What is y(17)?
6
Let j(a) = 7*a**3 - 31*a**2 - 5*a - 26. What is j(5)?
49
Let g(u) = u**2 - 377*u + 1486. Determine g(4).
-6
Let i(k) = 205*k - 1234. What is i(6)?
-4
Let k(z) = 6*z**3 + 3*z**2 - 12*z - 37. What is k(-4)?
-325
Let i(m) = -3*m + 34. Calculate i(13).
-5
Let q(j) = 80*j + 1283. Calculate q(-16).
3
Let k(l) = -1959*l - 3934. What is k(-2)?
-16
Let b(i) = -149*i - 3879. Give b(-26).
-5
Let x(b) = -b**3 + 12*b**2 - 32*b - 48. Determine x(8).
-48
Let q(o) = 59*o**2 + 10*o - 4. Give q(2).
252
Let p(n) = -2*n**3 + 12*n**2 + 17*n - 44. What is p(6)?
58
Let p(f) = -3*f + 53. What is p(15)?
8
Let f(d) = -d**3 + 17*d**2 + 11*d - 171. Calculate f(17).
16
Let z(r) = 3*r**3 - 4*r**2 + r - 36. Give z(0).
-36
Let q(d) = -d**3 - 31*d**2 + 38*d - 129. Give q(-32).
-321
Let b(t) = 2*t**2 + 152*t + 1847. Determine b(-15).
17
Let w(p) = -p**3 - 4*p**2 + 10*p - 20. Determine w(-6).
-8
Let n(t) = -836*t + 5852. What is n(7)?
0
Let g(p) = p**3 - 30*p**2 + 39*p - 455. Determine g(29).
-165
Let u(m) = -2361*m - 7091. Determine u(-3).
-8
Let m(b) = 3*b**2 - 102*b + 16. What is m(34)?
16
Let r(p) = p**2 + 11*p - 19. Give r(-14).
23
Let m(a) = 13*a**2 - 68*a + 224. Give m(3).
137
Let m(u) = -2*u**3 + 5*u**2 - 10*u + 9. Determine m(8).
-775
Let l(n) = 2*n**3 + 31*n**2 + 108*n - 73. Give l(-9).
8
Let v(i) = 19*i - 737. Give v(46).
137
Let h(s) = 105*s - 81. Give h(1).
24
Let w(u) = -391*u + 32475. What is w(83)?
22
Let c(n) = 74*n + 69. Calculate c(-2).
-79
Let p(c) = 3*c**3 + c**2 + 5*c + 33. Determine p(-3).
-54
Let u(f) = f**2 + 53*f - 2959. Give u(-87).
-1
Let p(g) = -g**3 - 63*g**2 - 121*g + 61. What is p(-61)?
0
Let o(d) = -2*d**2 - 58*d + 223. Give o(-32).
31
Let p(t) = -t**3 + 7*t**2 + 43*t - 10. Determine p(11).
-21
Let r(l) = -26*l - 543. Give r(-34).
341
Let h(z) = 3*z**2 - 11*z - 25. Calculate h(4).
-21
Let i(l) = 30*l**2 + 6*l - 16. What is i(-2)?
92
Let z(a) = 2*a**2 + 15*a + 19. Calculate z(-5).
-6
Let o(y) = -43*y**2 + 1119*y - 28. Calculate o(26).
-2
Let f(o) = o**2 - 2*o - 349. What is f(0)?
-349
Let l(v) = -7*v**2 + 304*v - 421. What is l(42)?
-1
Let d(w) = 30*w - 571. Give d(19).
-1
Let c(v) = -125*v + 489. Calculate c(4).
-11
Let q(u) = -20*u**2 - 6*u + 8. What is q(1)?
-18
Let q(n) = 171*n**2 + 527*n + 5. Determine q(-3).
-37
Let t(c) = c**2 + 17*c - 58. What is t(-19)?
-20
Let p(g) = -80*g + 2457. Determine p(29).
137
Let a(l) = l**3 - 8*l**2 - 56*l - 23. Give a(12).
-119
Let m(d) = -d**2 - 44*d + 432. What is m(9)?
-45
Let t(r) = -70*r - 2484. What is t(-37)?
106
Let h(s) = 7*s - 145. Determine h(14).
-47
Let o(b) = 2*b**3 + 18*b**2 + 13*b - 25. Determine o(-6).
113
Let o(f) = f**2 - 48*f - 885. Calculate o(62).
-17
Let z(u) = 5*u**2 + 656*u + 777. Determine z(-130).
-3
Let w(a) = 353*a - 1762. Determine w(5).
3
Let c(i) = -i**3 - 62*i + 206. What is c(3)?
-7
Let z(m) = 4*m**3 + m**2 - 71*m + 71. What is z(1)?
5
Let z(y) = 7*y + 397. What is z(-73)?
-114
Let w(u) = 2*u**2 + 10366*u + 41443. Give w(-4).
11
Let k(j) = -10*j + 187. What is k(8)?
107
Let f(v) = -4*v**2 - 56*v + 192. What is f(3)?
-12
Let z(s) = -s**3 - 46*s**2 - 212*s - 1839. Determine z(-42).
9
Let z(m) = 245*m - 24984. Determine z(102).
6
Let f(i) = 765*i + 4583. Determine f(-6).
-7
Let g(q) = 33*q**2 + 64*q - 24. What is g(-5)?
481
Let h(n) = n**3 - n**2 + 12*n + 6. Give h(5).
166
Let w(v) = v**3 - 44*v**2 + 123*v + 17. Determine w(41).
17
Let v(c) = -c**2 - 24*c - 157. Give v(-13).
-14
Let o(g) = 7*g - 157. Calculate o(47).
172
Let t(a) = a**3 + 11*a**2 + 13*a + 16. Determine t(-10).
-14
Let s(l) = -l**3 - 50*l**2 - 94*l + 90. Calculate s(-48).
-6
Let x(g) = 7*g**3 - 50*g**2 + 11*g - 11. Determine x(7).
17
Let x(i) = -2*i**3 - 126*i**2 - 127*i - 226. What is x(-62)?
-40
Let t(s) = -30*s + 149. Determine t(5).
-1
Let v(c) = -c**3 - 22*c**2 - 90*c - 4. Determine v(-6).
-40
Let c(k) = -3*k**3 - 16*k**2 - 20*k - 10. Calculate c(-4).
6
Let y(s) = 621*s + 16768. Calculate y(-27).
1
Let x(k) = k**2 - 12*k + 6. Calculate x(15).
51
Let h(c) = -158*c - 1904. Calculate h(-12).
-8
Let y(m) = 6*m**2 - m - 13. Calculate y(-5).
142
Let k(f) = 40*f + 39. Calculate k(11).
479
Let g(y) = -2*y**2 + 32*y + 5. Give g(12).
101
Let q(a) = 11075*a + 66454. Determine q(-6).
4
Let w(g) = 17*g**2 + 17*g + 1. What is w(-3)?
103
Let u(j) = -3*j**3 + 36*j**2 - 10*j - 10. What is u(12)?
-130
Let p(o) = -132*o**2 - 241*o + 478. Determine p(2).
-532
Let q(d) = -30*d + 2185. Give q(68).
145
Let b(q) = -196*q - 3721. Determine b(-19).
3
Let r(y) = -4*y**3 - 7*y**2 + 158*y - 648. What is r(4)?
-384
Let s(f) = -129*f**2 + 1141*f + 193. What is s(9)?
13
Let m(c) = 74*c + 224. Calculate m(-3).
2
Let b(v) = -v**3 + 3*v**2 + 71*v - 260. Calculate b(4).
8
Let v(y) = -99*y**2 - 23*y + 34. Give v(2).
-408
Let k(l) = 8*l**3 - 137*l**2 + 15*l + 24. Give k(17).
-10
Let o(v) = -20*v**2 - 1171*v - 3504. Determine o(-3).
-171
Let n(u) = 19*u**2 + 26*u - 4. Calculate n(-5).
341
Let w(y) = -1158*y - 15063. What is w(-13)?
-9
Let d(c) = -37*c + 350. Give d(8).
54
Let w(f) = 2*f**3 - 4*f**2 - 72*f + 30. What is w(-6)?
-114
Let w(c) = c**3 - 39*c**2 - 44*c + 168. Calculate w(40).
8
Let h(b) = b**2 + 17*b - 27. Determine h(-13).
-79
Let w(g) = -2*g + 71. Give w(29).
13
Let w(g) = -23*g**2 + 12*g + 108. Determine w(-6).
-792
Let i(o) = 69*o + 1527. What is i(-22)?
9
Let a(q) = -17*q**3 - 387*q**2 + 94*q + 72. Give a(-23).
26
Let d(y) = -2*y**2 + 172*y + 1499. Determine d(94).
-5
Let j(x) = 4*x**2 - 671*x - 845. Determine j(169).
0
Let c(j) = 64*j + 629. Give c(-10).
-11
Let p(r) = r**2 - 30*r + 69. Calculate p(24).
-75
Let f(i) = i**2 - 10*i - 3. Give f(10).
-3
Let q(j) = -23*j - 234. Calculate q(-9).
-27
Let z(d) = d**2 + 1128*d + 4502. Give z(-4).
6
Let l(o) = -o**2 - 113*o - 932. Calculate l(-104).
4
Let t(v) = -170*v**2 + 101*v + 94. Determine t(-1).
-177
Let r(a) = -896*a - 7080. Give r(-8).
88
Let i(b) = -b**3 - 19*b**2 - 45*b - 16. Determine i(-5).
-141
Let i(m) = -m**2 - 8*m + 86. Determine i(6).
2
Let w(g) = 28*g + 72. Give w(-3).
-12
Let x(h) = 4*h**2 + 31*h - 5. Determine x(-9).
40
Let r(j) = -5*j**2 - 486*j - 1051. Calculate r(-95).
-6
Let p(v) = -4*v**2 + 52*v - 203. Determine p(8).
-43
Let l(x) = 479*x + 384. Calculate l(-1).
-95
Let p(z) = z**3 + 24*z**2 + 110*z + 32. What is p(-18)?
-4
Let f(b) = b**2 - 168*b + 1232. Calculate f(7).
105
Let c(p) = 45*p**2 - 748*p - 281. Determine c(17).
8
Let h(i) = -i**2 + 5*i + 201. What is h(-12)?
-3
Let x(m) = m**2 + 228*m - 7164. What is x(-256)?
4
Let b(p) = p**3 + 8*p**2 + 3*p + 4. Give b(-7).
32
Let l(h) = -57*h + 39. Give l(1).
-18
Let d(x) = x**3 - 5*x**2 + x - 20. What is d(6)?
22
Let z(u) = -85*u + 615. What is z(7)?
20
Let u(c) = -c**3 + 27*c**2 - 60*c + 259. Calculate u(25).
9
Let r(p) = -85*p - 11. Determine r(7).
-606
Let x(z) = -4*z**2 - 33*z + 22. Determine x(-9).
-5
Let k(w) = 3*w**2 + 143*w - 290. Determine k(2).
8
Let w(o) = 100*o + 5431. Give w(-54).
31
Let y(p) = -111*p - 532. Calculate y(-4).
-88
Let o(a) = -27*a**2 + 128*a + 36. Determine o(5).
1
Let s(l) = 122*l + 2193. What is s(-18)?
-3
Let j(t) = 156*t + 284. What is j(-3)?
-184
Let s(q) = -54*q - 281. What is s(-8)?
151
Let h(l) = -l**2 - 106*l + 735. What is h(-111)?
180
Let q(v) = -59*v + 4549. Give q(77).
6
Let y(f) = -68*f**3 + f**2 + 3*f - 1. Calculate y(1).
-65
Let x(n) = -22*n - 64. What is x(-4)?
24
Let w(i) = i**2 + 48*i - 555. Determine w(-54).
-231
Let w(o) = -95*o - 952. Give w(-10).
-2
Let d(h) = 56*h - 608. Calculate d(9).
-104
Let t(y) = 287*y**3 - 3159*y**2 + 19*y + 30. Determine t(11).
-3
Let t(v) = 86*v - 167. Give t(4).
177
Let l(r) = r**3 + r**2 + 9*r - 2. Calculate l(4).
114
Let m(w) = -2*w**3 - 32*w**2 + 73*w + 192. What is m(-18)?
174
Let z(i) = 1932*i + 3855. Give z(-2).
-9
Let f(i) = -i**2 - 88*i - 920. Give f(-76).
-8
Let k(h) = -h**3 - 17*h**2 + 104*h + 31. Determine k(5).
1
Let p(h) = 6*h**2 + 18*h + 41. Calculate p(-8).
281
Let j(u) = 118*u + 232. Give j(-2).
-4
Let b(m) = -18*m + 174. Give b(10).
-6
Let y(p) = 19*p + 984. Calculate y(-53).
-23
Let c(a) = -116*a - 340. What is c(-3)?
8
Let v(l) = -87*l + 1020. Calculate v(11).
63
Let j(w) = w**3